{"id":12,"date":"2016-03-11T08:53:51","date_gmt":"2016-03-11T08:53:51","guid":{"rendered":"http:\/\/emu2017.unimore.it\/?page_id=12"},"modified":"2019-02-27T13:23:19","modified_gmt":"2019-02-27T13:23:19","slug":"scientific-committe","status":"publish","type":"page","link":"https:\/\/emu2019.unimore.it\/?page_id=12","title":{"rendered":"Scientific committee"},"content":{"rendered":"<p>Prof. Giovanni B. Andreozzi (Sapienza, Universit\u00e0 di Roma, Italy)<\/p>\n<p>Dr. Mark Bailey (Asbestos TEM Labs, USA)<\/p>\n<p>Prof. Paolo Ballirano (Sapienza, Universit\u00e0 di Roma, Italy)<\/p>\n<p>Prof. Elena Belluso (Universit\u00e0 di Torino, Italy)<\/p>\n<p>Dr. Andrea Bloise (Universit\u00e0 della Calabria, Italy)<\/p>\n<p>Dr. Fiorella Belpoggi (Istituto Ramazzini \u2013 Centro di ricerca sul cancro Cesare Maltoni, Italy)<\/p>\n<p>Dr. Antonella Campopiano (INAIL Settore Ricerca, Monte Porzio Catone, Italy)<\/p>\n<p>Prof. Michele Carbone (University of Hawai\u2019i at Manoa, USA)<\/p>\n<p>Prof. Bruce W. Case (Mc Gill University, Canada)<\/p>\n<p>Dr. Alessandro Cavallo (Universit\u00e0 degli Studi Milano Bicocca, Italy)<\/p>\n<p>Prof. Giancarlo Della Ventura (Universit\u00e0 Roma Tre, Italy)<\/p>\n<p>Dr. Dario Di Giuseppe (Universit\u00e0 di Modena e R.E., Italy)<\/p>\n<p>Dr. Bradley Erskine (Erskine Environmental Consulting, Inc., USA)<\/p>\n<p>Prof. Reto Gier\u00e9 (University of Pennsylvania, USA)<\/p>\n<p>Prof. Alessandro F. Gualtieri (Universit\u00e0 di Modena e R.E., Italy)<\/p>\n<p>Prof. Martin Harper (Zefon International, Inc., USA)<\/p>\n<p>Prof. Brooke Mossman (University of Vermont, USA)<\/p>\n<p>Prof. Roberta Oberti (Istituto di Geoscienze e Georisorse del CNR, Pavia, Italy)<\/p>\n<p>Dr. Alessandro Pacella (Sapienza, Universit\u00e0 di Roma, Italy)<\/p>\n<p>Prof. Ileana Perez-Rodriguez (University of Pennsylvania, USA)<\/p>\n<p>Dr. Armanda Pugnaloni (Universit\u00e0 Politecnica delle Marche, Italy)<\/p>\n<p>Dott. Bianca Rimoldi (CONTARP INAIL DR Lombardia, Italy)<\/p>\n<p>Dott. Orietta Sala (Universit\u00e0 di Modena e R.E., Italy)<\/p>\n<p>Dr. Francesco Turci (Universit\u00e0 di Torino, Italy)<\/p>\n<p>Dr. Ruggero Vigliaturo (University of Pennsylvania, USA)<\/p>\n","protected":false},"excerpt":{"rendered":"<p>Prof. Giovanni B. Andreozzi (Sapienza, Universit\u00e0 di Roma, Italy) Dr. Mark Bailey (Asbestos TEM Labs, USA) Prof. Paolo Ballirano (Sapienza, Universit\u00e0 di Roma, Italy) Prof. Elena Belluso (Universit\u00e0 di Torino, Italy) Dr. Andrea Bloise (Universit\u00e0 della Calabria, Italy) Dr. Fiorella Belpoggi (Istituto Ramazzini \u2013 Centro di ricerca sul cancro Cesare\u2026<\/p>\n<p class=\"continue-reading-button\"> <a class=\"continue-reading-link\" href=\"https:\/\/emu2019.unimore.it\/?page_id=12\">Continue reading<i class=\"crycon-right-dir\"><\/i><\/a><\/p>\n","protected":false},"author":1,"featured_media":0,"parent":0,"menu_order":2,"comment_status":"closed","ping_status":"closed","template":"","meta":{"footnotes":""},"class_list":["post-12","page","type-page","status-publish","hentry"],"_links":{"self":[{"href":"https:\/\/emu2019.unimore.it\/index.php?rest_route=\/wp\/v2\/pages\/12","targetHints":{"allow":["GET"]}}],"collection":[{"href":"https:\/\/emu2019.unimore.it\/index.php?rest_route=\/wp\/v2\/pages"}],"about":[{"href":"https:\/\/emu2019.unimore.it\/index.php?rest_route=\/wp\/v2\/types\/page"}],"author":[{"embeddable":true,"href":"https:\/\/emu2019.unimore.it\/index.php?rest_route=\/wp\/v2\/users\/1"}],"replies":[{"embeddable":true,"href":"https:\/\/emu2019.unimore.it\/index.php?rest_route=%2Fwp%2Fv2%2Fcomments&post=12"}],"version-history":[{"count":4,"href":"https:\/\/emu2019.unimore.it\/index.php?rest_route=\/wp\/v2\/pages\/12\/revisions"}],"predecessor-version":[{"id":621,"href":"https:\/\/emu2019.unimore.it\/index.php?rest_route=\/wp\/v2\/pages\/12\/revisions\/621"}],"wp:attachment":[{"href":"https:\/\/emu2019.unimore.it\/index.php?rest_route=%2Fwp%2Fv2%2Fmedia&parent=12"}],"curies":[{"name":"wp","href":"https:\/\/api.w.org\/{rel}","templated":true}]}}